e prime factors of 218334.
2, 3, 36389
List the prime factors of 9934.
2, 4967
List the prime factors of 277549.
277549
What are the prime factors of 2257777?
37, 139, 439
List the prime factors of 6393042.
2, 3, 173, 2053
What are the prime factors of 1003551?
3, 37, 9041
List the prime factors of 6719562.
2, 3, 241, 1549
What are the prime factors of 31582234?
2, 283, 55799
List the prime factors of 8602811.
7, 491, 2503
What are the prime factors of 149638?
2, 23, 3253
What are the prime factors of 3281324?
2, 820331
What are the prime factors of 12256223?
7, 389, 643
What are the prime factors of 10815450?
2, 3, 5, 72103
List the prime factors of 16065870.
2, 3, 5, 535529
List the prime factors of 241566.
2, 3, 13, 19, 163
List the prime factors of 674479.
13, 307
List the prime factors of 2089864.
2, 7, 67, 557
List the prime factors of 151904.
2, 47, 101
What are the prime factors of 12374058?
2, 3, 37, 139, 401
What are the prime factors of 5683230?
2, 3, 5, 7, 31, 97
What are the prime factors of 50101?
50101
What are the prime factors of 4455529?
13, 342733
What are the prime factors of 587905?
5, 307, 383
List the prime factors of 19936629.
3, 2215181
List the prime factors of 6865481.
7, 137, 7159
List the prime factors of 1218873.
3, 541, 751
List the prime factors of 9511450.
2, 5, 13, 14633
What are the prime factors of 1024387?
7, 13, 11257
List the prime factors of 3443977.
3443977
List the prime factors of 208917.
3, 139, 167
What are the prime factors of 2881433?
2881433
List the prime factors of 17669212.
2, 11, 73, 5501
What are the prime factors of 1990479?
3, 17, 31, 1259
List the prime factors of 1236459.
3, 7, 97, 607
What are the prime factors of 1318852?
2, 53, 6221
What are the prime factors of 347861?
167, 2083
List the prime factors of 24436694.
2, 83, 147209
What are the prime factors of 14958927?
3, 1662103
What are the prime factors of 37442?
2, 97, 193
What are the prime factors of 2084864?
2, 509
What are the prime factors of 6984929?
7, 439, 2273
List the prime factors of 344317.
29, 31, 383
What are the prime factors of 4533534?
2, 3, 41, 6143
List the prime factors of 902738.
2, 41, 101, 109
What are the prime factors of 566546?
2, 229, 1237
What are the prime factors of 353520?
2, 3, 5, 491
List the prime factors of 3370496.
2, 29, 227
What are the prime factors of 264797?
13, 20369
What are the prime factors of 22714700?
2, 5, 227147
List the prime factors of 9087961.
9087961
What are the prime factors of 32840305?
5, 6568061
List the prime factors of 3845084.
2, 109, 8819
What are the prime factors of 715485?
3, 5, 47699
What are the prime factors of 70317?
3, 13, 601
List the prime factors of 1352091.
3, 13, 37, 937
What are the prime factors of 109421?
13, 19, 443
What are the prime factors of 2291089?
233, 9833
List the prime factors of 67965.
3, 5, 23, 197
List the prime factors of 12294093.
3, 7, 227, 2579
List the prime factors of 191556.
2, 3, 17, 313
What are the prime factors of 4930482?
2, 3, 821747
What are the prime factors of 2625337?
11, 13, 1669
List the prime factors of 12096836.
2, 3024209
List the prime factors of 25576.
2, 23, 139
What are the prime factors of 123570?
2, 3, 5, 1373
What are the prime factors of 16019235?
3, 5, 118661
List the prime factors of 18031461.
3, 7, 122663
List the prime factors of 20241467.
1483, 13649
List the prime factors of 43745.
5, 13, 673
List the prime factors of 3974638.
2, 61, 32579
What are the prime factors of 1358124?
2, 3, 113177
List the prime factors of 470465.
5, 23, 4091
List the prime factors of 7529031.
3, 92951
What are the prime factors of 328826?
2, 164413
List the prime factors of 1579024.
2, 98689
What are the prime factors of 4490029?
4490029
What are the prime factors of 34313?
34313
What are the prime factors of 278155?
5, 55631
List the prime factors of 1978793.
19, 104147
List the prime factors of 470628.
2, 3, 17, 769
List the prime factors of 42408.
2, 3, 19, 31
List the prime factors of 422027.
23, 59, 311
List the prime factors of 4779869.
97, 49277
List the prime factors of 104522.
2, 11, 4751
List the prime factors of 743659.
7, 23, 31, 149
What are the prime factors of 930726?
2, 3, 29, 1783
List the prime factors of 5280637.
89, 59333
List the prime factors of 8146255.
5, 13, 23, 5449
List the prime factors of 508078.
2, 254039
List the prime factors of 1213120.
2, 5, 17, 223
What are the prime factors of 12208375?
5, 101, 967
List the prime factors of 166970.
2, 5, 59, 283
List the prime factors of 989758.
2, 7, 11, 6427
What are the prime factors of 1258654?
2, 359, 1753
What are the prime factors of 818120?
2, 5, 113, 181
List the prime factors of 1092465.
3, 5, 11, 2207
List the prime factors of 110707.
149, 743
List the prime factors of 3341412.
2, 3, 10313
What are the prime factors of 157969?
7, 22567
List the prime factors of 166362.
2, 3, 7, 17, 233
List the prime factors of 2997912.
2, 3, 23, 5431
List the prime factors of 1816156.
2, 454039
What are the prime factors of 1690155?
3, 5, 23, 71
What are the prime factors of 2004122?
2, 1002061
What are the prime factors of 48268?
2, 11, 1097
List the prime factors of 38326829.
38326829
List the prime factors of 11158042.
2, 7, 797003
List the prime factors of 9922148.
2, 59, 42043
List the prime factors of 1037889.
3, 115321
List the prime factors of 1332749.
11, 17, 7127
List the prime factors of 1285825.
5, 19, 2707
What are the prime factors of 4416950?
2, 5, 88339
What are the prime factors of 997326?
2, 3, 11, 23, 73
List the prime factors of 10018869.
3, 7, 23, 20743
What are the prime factors of 181909?
7, 13, 1999
What are the prime factors of 165208?
2, 107, 193
What are the prime factors of 210835?
5, 149, 283
List the prime factors of 1310132.
2, 127, 2579
List the prime factors of 9266.
2, 41, 113
List the prime factors of 1268648.
2, 158581
List the prime factors of 159330.
2, 3, 5, 47, 113
What are the prime factors of 7920555?
3, 5, 17, 89, 349
What are the prime factors of 312576?
2, 3, 11, 37
List the prime factors of 2230733.
19, 113, 1039
List the prime factors of 339886.
2, 169943
What are the prime factors of 2886470?
2, 5, 288647
What are the prime factors of 3959082?
2, 3, 23, 73, 131
List the prime factors of 1455148.
2, 131, 2777
List the prime factors of 524157.
3, 379, 461
List the prime factors of 20787.
3, 13, 41
List the prime factors of 133917.
3, 7, 911
What are the prime factors of 118621?
118621
List the prime factors of 9991124.
2, 11, 13, 17467
What are the prime factors of 222248?
2, 13, 2137
What are the prime factors of 6887662?
2, 47, 1559
List the prime factors of 680510.
2, 5, 17, 4003
List the prime factors of 1921245.
3, 5, 349, 367
List the prime factors of 183837.
3, 233, 263
What are the prime factors of 3044671?
7, 23, 18911
What are the prime factors of 376397?
7, 17, 3163
List the prime factors of 716613.
3, 53, 4507
What are the prime factors of 6697320?
2, 3, 5, 7, 17, 67
List the prime factors of 403795.
5, 7, 83, 139
List the prime factors of 28960.
2, 5, 181
List the prime factors of 961994.
2, 11, 73, 599
What are the prime factors of 3872728?
2, 484091
What are the prime factors of 910197?
3, 17, 661
List the prime factors of 2425976.
2, 7, 43321
What are the prime factors of 1811351?
809, 2239
List the prime factors of 941462.
2, 470731
List the prime factors of 3703826.
2, 7, 264559
What are the prime factors of 403214?
2, 7, 83, 347
List the prime factors of 104740.
2, 5, 5237
What are the prime factors of 313533?
3, 11, 3167
List the prime factors of 508382.
2, 7, 36313
List the prime factors of 4436484.
2, 3, 13, 28439
List the prime factors of 1334096.
2, 199, 419
List the prime factors of 3785787.
3, 547, 769
What are the prime factors of 1565652?
2, 3, 11, 29, 409
List the prime factors of 85356.
2, 3, 2371
What are the prime factors of 3148089?
3, 7, 149909
What are the prime factors of 33869517?
3, 11, 563, 1823
List the prime factors of 290706.
2, 3, 13, 3727
List the prime factors of 189521.
79, 2399
List the prime factors of 3849406.
2, 11, 37, 4729
What are the prime factors of 12330151?
17, 725303
What are the prime factors of 643877?
13, 49529
List the prime factors of 5841742.
2, 292087